 g/2 + 63/6. Calculate the highest common factor of 2 and h.
2
Suppose 0 = 2*s - j - 9, -4*j + 33 = 4*s - 15. Suppose -2*q + 10 = 3*q. Suppose q*i - 4*i = -70. What is the greatest common factor of s and i?
7
Let b(o) = -8*o - 1. Let x be b(-1). Let j(i) = -2*i**2 + 31*i - 35. Let u be j(14). Calculate the highest common factor of u and x.
7
Suppose 0 = -10*c + 3 + 107. Suppose 3*l - 231 = -0*l. What is the greatest common divisor of l and c?
11
Let n be 10 + -3 + 0 - -1. What is the greatest common divisor of 4 and n?
4
Suppose -4*k - 2*k + 132 = 0. Calculate the highest common factor of 198 and k.
22
Let g(d) = 3*d**2 + 1. Let y be g(3). What is the highest common divisor of y and 224?
28
Let a(h) = h**3 + 14*h**2 + 19*h - 27. Let l be a(-12). Calculate the greatest common factor of l and 363.
33
Suppose -2*v + 12*v = 70. Calculate the highest common divisor of v and 70.
7
Suppose -30 = -3*x - n, 3*x - 21 = -x + 5*n. Let q(h) = -3 - 9*h + 4*h - 7*h. Let l be q(-7). What is the greatest common factor of l and x?
9
Let u be 2*(-3 - (2 - 6)). Let p = u + 10. Calculate the greatest common divisor of 8 and p.
4
Let p = -18 + -19. Let d = 61 + p. Calculate the highest common factor of d and 72.
24
Suppose 5*s - 271 = 569. Calculate the highest common factor of 21 and s.
21
Let y be 23 - (4 - 3)*-1. Suppose 0 = 2*v + 2*v - y. Calculate the highest common factor of v and 30.
6
Suppose -x + 4*g - 1 = -9, 4*x = g + 17. What is the highest common factor of 20 and x?
4
Let l = -37 - -193. Suppose -l = -3*m - 0*m. Calculate the greatest common divisor of 13 and m.
13
Let v be 38476/(12/3) + 1. Let q be 2/(-5) + v/50. Calculate the greatest common factor of q and 24.
24
Suppose 3*y - 316 = 4*w, 0*y + 5*w - 380 = -4*y. What is the greatest common divisor of 40 and y?
20
Suppose b - 3 = 0, 4*a - 4*b - 547 + 1591 = 0. Let c = -120 - a. Let g = -82 + c. What is the highest common factor of g and 8?
8
Let b be -1 + -2 - (-14 + -5). What is the greatest common factor of 144 and b?
16
Suppose -2 = i - 4, -4*l - 168 = -2*i. Let d = -29 - l. Let s = 29 - 11. What is the highest common factor of s and d?
6
Suppose -2*r + 7*r = 20. What is the greatest common factor of 44 and r?
4
Let z = 18 + -9. Let r = z + -4. Let v = 29 - r. Calculate the highest common divisor of v and 3.
3
Suppose -10 = -2*q + 6. Let b be -26*(-2)/q*2. Suppose -3 = -4*d + 569. Calculate the highest common divisor of b and d.
13
Let g = 46 - 14. Calculate the highest common factor of 8 and g.
8
Let t = 5 + -4. Let u = t - -13. What is the highest common divisor of 126 and u?
14
Let d = -19 + 36. Calculate the greatest common divisor of d and 51.
17
Suppose -3*a = -4*c + 8, 1 + 1 = c + 3*a. What is the greatest common divisor of c and 1?
1
Let l = 21 - 11. Let h(o) = -o**3 + 9*o - 2*o + l*o**2 + 2*o - 2 + 3*o. Let i be h(11). What is the greatest common factor of 6 and i?
3
Suppose 5*b - 340 = b. Suppose -106 = -5*a + t, 0*a - 26 = -a + 5*t. Let r be 6/a - 234/(-14). What is the greatest common factor of r and b?
17
Suppose j = -j + 98. Let i = j - 21. Let x(d) = 9*d**3 - d**2 + d. Let f be x(2). What is the greatest common divisor of i and f?
14
Suppose 4*b - 97 = -p + 57, 4*p = -5*b + 187. What is the greatest common divisor of 26 and b?
13
Suppose 0 = 5*g - s - 1103, -2*g + 3*s - 7 = -456. Calculate the greatest common factor of g and 20.
20
Suppose 0 = 5*u - 3*q - 107, 14*q - 10*q - 4 = 0. What is the greatest common factor of 33 and u?
11
Let d be (-70)/((-15)/3) - -6. Let i be (4/6)/((-2)/(-120)). What is the highest common divisor of i and d?
20
Let x = 5 - 5. Let h be (28 + x)/(2 - 1). Calculate the greatest common factor of h and 14.
14
Let s(k) = -17*k + 2. Let c be s(-2). Suppose 3*x + 58 = 4*f, 4*x - 3 - 5 = 0. Let i be (-45)/(-20)*f/3. What is the highest common divisor of c and i?
12
Suppose 518 = 4*q - 606. Suppose 881 - q = 5*t. Let r = -20 - -32. Calculate the highest common factor of t and r.
12
Suppose 6*a - 2*a - 36 = 0. Let t(f) = -f**3 + 9*f**2 + f - 6. Let v be t(a). Let i be 5/((-33)/12 + v). Calculate the highest common divisor of i and 4.
4
Suppose -6*s = -2*s - 88. What is the greatest common factor of 22 and s?
22
Suppose 0 = -3*b - t + 31, 5*b + 2*t = -0*t + 53. Let q = 24 + 17. Suppose -q = -d + 58. Calculate the highest common divisor of d and b.
9
Suppose 0 = -k + 48 + 42. Calculate the highest common factor of k and 10.
10
Let n(t) = 2*t**2 + 5*t - 4. Let a be n(-4). Let k(j) = 25*j**2 + j. Let c be k(-1). What is the greatest common divisor of c and a?
8
Suppose 24*n - 40 = 19*n. Calculate the greatest common divisor of 32 and n.
8
Suppose 341 = -5*s + 1466. What is the highest common factor of s and 25?
25
Let d(i) = i - 7. Let n be d(12). Suppose 2*x + u = 2*u + 9, 5*x - 15 = n*u. What is the highest common factor of x and 4?
2
Suppose -z = -3*z + 5*h + 56, -3*z + 5*h + 79 = 0. Let l be 1 + 1 + -1 + 91. Calculate the greatest common factor of l and z.
23
Suppose f - 17 + 3 = 0. Suppose 4*q + f = 2. Let d be 8/12 - 94/q. What is the highest common factor of d and 8?
8
Let b = 53 + -46. Calculate the greatest common divisor of b and 28.
7
Suppose 2*u + u = 9. Suppose 4*z = 2*z, 0 = -4*h - u*z + 160. What is the highest common factor of h and 8?
8
Let r(g) = -g**2 - 10*g + 3. Let y be r(-5). Calculate the greatest common divisor of y and 224.
28
Let w(o) be the third derivative of 41*o**4/12 + o**3/3 - o**2. Let t be w(-2). Let k = t - -272. Calculate the greatest common factor of k and 22.
22
Let h(c) = -c - 1. Let x be h(-2). Suppose -2*b + 18 = g, -3*g + 4*b + 1 = -23. Let a = g + -7. What is the greatest common factor of x and a?
1
Let y(g) = g**3 + 5*g**2 - 9*g - 3. Let i be 1/(1/12*-2). Let z be y(i). Calculate the greatest common factor of 120 and z.
15
Suppose 0 = -4*a - 4 + 12. Suppose z = 4*f - 253, -3*z - 50 = a*f - 187. Suppose 0 = 4*v - 112 - f. Calculate the greatest common divisor of v and 4.
4
Suppose -3*t = -4*t - 1. Let y be 36 + 0/(t*4). What is the greatest common factor of y and 12?
12
Let n = -29 + 31. What is the greatest common factor of n and 22?
2
Let t = 17 + -13. Calculate the greatest common factor of t and 2.
2
Let z(x) = 4*x**2 - 7*x + 33. Let v be z(9). What is the highest common divisor of 49 and v?
49
Suppose 3*f = -3*f + 432. What is the greatest common divisor of f and 12?
12
Let w be (1*-6)/2 - 0. Let x = w + 3. Suppose -4*r + 373 + 107 = x. Calculate the highest common factor of r and 15.
15
Suppose 3*h - 195 - 18 = -2*x, 5*h = -4*x + 423. Calculate the greatest common divisor of x and 34.
34
Suppose 4*o = -3*f - 4, 3*f + o - 2 = 3*o. Let k(d) = -d**2 + 40. Let u be k(f). What is the greatest common factor of u and 10?
10
Suppose 5*m = -2*q + 105, 3*m - 2*m - 3*q = 38. What is the greatest common divisor of m and 23?
23
Let n = -53 + 93. Suppose 2*q - n - 8 = 0. Let a be 4/(-14) + 258/21. Calculate the greatest common divisor of a and q.
12
Suppose 0*d + 7*d = 154. Calculate the highest common factor of 22 and d.
22
Let z be (-2)/(-6) - 2/(-3). What is the highest common divisor of 27 and z?
1
Suppose 0 = 2*i + n - 42, -2*i + 79 = 3*i - 4*n. What is the greatest common factor of 76 and i?
19
Let n(g) = -2*g + 7. Let c be n(-4). Suppose -4*f = 2*o - 240, -o + 0*o + 120 = -3*f. What is the highest common divisor of o and c?
15
Suppose -4*u = -3*n + 412, -4*n = -u - 311 - 221. What is the highest common divisor of 33 and n?
33
Let l = -4 + -2. Let t be 3 - 0 - (-6 - l). Let h be 32/3 + t/9. What is the highest common divisor of 121 and h?
11
Suppose 0 = 2*v + 2*v + 84. Let p be 2/(24/v)*-4. Calculate the greatest common factor of p and 21.
7
Let l(g) = 27*g**3 + 3*g**2 - 2*g. Let u be l(1). Calculate the highest common factor of 14 and u.
14
Suppose 81 = 4*q - 47. Suppose -o = o - q. Calculate the greatest common divisor of 32 and o.
16
Suppose -3*m = -7*m - 296. Let c = m + 130. Let x(n) = -n + 1. Let s be x(-7). What is the greatest common divisor of c and s?
8
Suppose -3*w = 4*r - 141, 0 = -4*w - 3 - 1. Calculate the highest common factor of r and 4.
4
Suppose 2*i - 26 + 8 = 0. Let j(y) = y**2 - 3*y - 12. Let h be j(i). Calculate the highest common factor of 6 and h.
6
Suppose 0*l + 15 = 5*l. Suppose -l*j = -w + 2*j + 1,